{"id":597,"date":"2011-09-22T20:48:43","date_gmt":"2011-09-22T20:48:43","guid":{"rendered":"http:\/\/quantumcinema.uni-ak.ac.at\/site\/"},"modified":"2018-10-29T07:36:09","modified_gmt":"2018-10-29T07:36:09","slug":"2011-2","status":"publish","type":"page","link":"https:\/\/quantumcinema.uni-ak.ac.at\/?page_id=597","title":{"rendered":"2011, in the media"},"content":{"rendered":"<p><a name=\"mdr_08092011\"><\/a><\/p>\n<h3>MDR: &#8222;artour&#8220; &#8211; 8. 9. 2011<\/h3>\n<p>Wie sehen wir und wie nehmen wir Kunst wahr? Die Ausstellung &#8222;Vision&#8220;- gleichnamig zum diesj\u00e4hrigen Motto des Kunstfests Weimar &#8211; geht dieser Frage nach. Sie bewegt sich dabei zwischen Kunst und Wissenschaft. Die gezeigten visuellen Kunstexperimente beruhen auf Erkenntnissen der Neuro- und Kognitionswissenschaft und neuen Theorien \u00fcber Wahrnehmung und Sehen, die durch technische Neuerungen entstanden. Der Besucher erlebt visuelle Experimentalsysteme &#8211; die erstmals in dieser Form zu sehen sind. 3D-Sehen geh\u00f6rt ebenso dazu wie das Entdecken unsichtbarer Zonen. Welche Schl\u00fcsse lassen sich daraus auf die Betrachtung von Kunst ziehen? &#8222;artour&#8220; versucht einen Einblick in eine ungew\u00f6hnliche Kunstausstellung, bei der mehr als 20 K\u00fcnstler mitwirken.<\/p>\n<p>Autor: Meinhard Michael<\/p>\n<p><a href=\"http:\/\/www.mdr.de\/artour\/video12678.html\" target=\"_blank\">Video &#8222;Die Magie des Sehens&#8220;<\/a><br \/>\nAusstrahlung auf mdr am 08.09.2011, 22:05 Uhr |\u00a004:58 min<\/p>\n<p><a name=\"oe1_23082011\"><\/a><\/p>\n<h3>\u00d61: &#8222;Kultur aktuell&#8220; &#8211; 23. 8. 2011<\/h3>\n<p>H\u00f6ren Sie einen Auszug aus der \u00d61 Sendung Kultur aktuell zum Thema &#8222;Vision. Das Sehen&#8220; beim Kunstfest Weimar mit dem Titel &#8222;Peter Weibels Blick in die Zukunft&#8220; von Dorothee Frank.<\/p>\n<p>[wpaudio url=&#8220;http:\/\/apasfftp1.apa.at\/oe1\/clips\/00002E03.MP3&#8243; text=&#8220; \u00d61 Kultur aktuell. 23. August 2011&#8243; dl=0]<\/p>\n<p><a name=\"ta_20082011\"><\/a><\/p>\n<h3>Th\u00fcringer Allgemeine &#8211; 20. 8. 2011<\/h3>\n<p>Die Schau &#8222;Vision&#8220; zum Weimarer Kunstfest \u00fcberl\u00e4sst es K\u00fcnstlern, uns erneut f\u00fcr die Magie der visuellen Wahrnehmung zu begeistern. Die Ausstellung die in Kooperation mit dem ZKM in Karlsruhe entstand, wird am Sonntag, 21. August, er\u00f6ffnet.<br \/>\n<a href=\"http:\/\/www.thueringer-allgemeine.de\/startseite\/detail\/-\/specific\/Die-Zunge-sieht-und-das-Auge-schmeckt-Ausstellung-im-Neuen-Museum-Weimar-2020572074\" target=\"_blank\">weiterlesen auf www.thueringer-allgemeine.de<\/a><\/p>\n<p><a href=\"http:\/\/www.thueringer-allgemeine.de\/startseite\/detail\/-\/specific\/Die-Zunge-sieht-und-das-Auge-schmeckt-Ausstellung-im-Neuen-Museum-Weimar-2020572074\" target=\"_blank\"><\/a><\/p>\n","protected":false},"excerpt":{"rendered":"<p>MDR: &#8222;artour&#8220; &#8211; 8. 9. 2011 Wie sehen wir und wie nehmen wir Kunst wahr? Die Ausstellung &#8222;Vision&#8220;- gleichnamig zum&hellip; <a class=\"read-more\" href=\"https:\/\/quantumcinema.uni-ak.ac.at\/?page_id=597\">Weiterlesen<\/a><\/p>\n","protected":false},"author":1,"featured_media":0,"parent":127,"menu_order":2,"comment_status":"closed","ping_status":"closed","template":"","meta":{"footnotes":""},"class_list":["post-597","page","type-page","status-publish","hentry"],"_links":{"self":[{"href":"https:\/\/quantumcinema.uni-ak.ac.at\/index.php?rest_route=\/wp\/v2\/pages\/597","targetHints":{"allow":["GET"]}}],"collection":[{"href":"https:\/\/quantumcinema.uni-ak.ac.at\/index.php?rest_route=\/wp\/v2\/pages"}],"about":[{"href":"https:\/\/quantumcinema.uni-ak.ac.at\/index.php?rest_route=\/wp\/v2\/types\/page"}],"author":[{"embeddable":true,"href":"https:\/\/quantumcinema.uni-ak.ac.at\/index.php?rest_route=\/wp\/v2\/users\/1"}],"replies":[{"embeddable":true,"href":"https:\/\/quantumcinema.uni-ak.ac.at\/index.php?rest_route=%2Fwp%2Fv2%2Fcomments&post=597"}],"version-history":[{"count":1,"href":"https:\/\/quantumcinema.uni-ak.ac.at\/index.php?rest_route=\/wp\/v2\/pages\/597\/revisions"}],"predecessor-version":[{"id":1353,"href":"https:\/\/quantumcinema.uni-ak.ac.at\/index.php?rest_route=\/wp\/v2\/pages\/597\/revisions\/1353"}],"up":[{"embeddable":true,"href":"https:\/\/quantumcinema.uni-ak.ac.at\/index.php?rest_route=\/wp\/v2\/pages\/127"}],"wp:attachment":[{"href":"https:\/\/quantumcinema.uni-ak.ac.at\/index.php?rest_route=%2Fwp%2Fv2%2Fmedia&parent=597"}],"curies":[{"name":"wp","href":"https:\/\/api.w.org\/{rel}","templated":true}]}}